nvert -15 (base 11) to base 5.
-31
Convert 153 (base 13) to base 16.
ed
Convert 82 (base 15) to base 9.
145
What is -1121 (base 6) in base 10?
-265
-5b1d (base 16) to base 8
-55435
-126 (base 12) to base 8
-256
Convert -3001 (base 6) to base 3.
-220001
Convert 365 (base 12) to base 4.
13331
What is 23223321 (base 4) in base 2?
1011101011111001
Convert 54202 (base 9) to base 3.
1211020002
What is 1334253 (base 6) in base 9?
123586
What is -6041 (base 8) in base 7?
-12024
Convert -878 (base 11) to base 6.
-4513
What is 19618 (base 12) in base 9?
55882
9154 (base 11) to base 10
12159
What is -193 (base 15) in base 14?
-1bd
5d4 (base 16) to base 8
2724
Convert 34310 (base 5) to base 15.
ada
Convert 8204 (base 9) to base 6.
43434
4c1 (base 14) to base 4
32321
Convert -85a (base 11) to base 4.
-100021
Convert 9996 (base 12) to base 15.
505c
Convert -49dc (base 14) to base 12.
-759a
2a8 (base 13) to base 5
3401
-281b (base 13) to base 14
-2162
What is 231223 (base 5) in base 16?
2079
Convert 14689 (base 11) to base 3.
1001111221
1046 (base 10) to base 6
4502
1000001101100 (base 2) to base 16
106c
Convert 31c5 (base 13) to base 11.
5222
What is 2029 (base 14) in base 4?
1112111
What is -100002220 (base 3) in base 13?
-3039
Convert 485 (base 9) to base 6.
1505
Convert -2210 (base 8) to base 7.
-3245
3227 (base 9) to base 3
10020221
Convert -23404 (base 5) to base 13.
-a30
What is 131061 (base 7) in base 5?
1240041
What is -a90a (base 11) in base 9?
-21680
What is -3110121 (base 4) in base 3?
-200122110
Convert -865 (base 10) to base 5.
-11430
-386 (base 9) to base 7
-636
What is 154442 (base 7) in base 12?
15722
What is 1010023 (base 4) in base 9?
5877
Convert 1111 (base 10) to base 16.
457
-111442 (base 5) to base 13
-1a86
12312 (base 6) to base 4
130310
10112 (base 6) to base 12
938
-6cdc (base 15) to base 4
-11221311
-566 (base 12) to base 7
-2220
Convert 292 (base 10) to base 5.
2132
What is -640 (base 12) in base 3?
-1020210
Convert 1101000000 (base 2) to base 7.
2266
25e1 (base 16) to base 5
302242
Convert 101111011010000 (base 2) to base 4.
11323100
What is 50463 (base 8) in base 13?
9600
-1100222212 (base 3) to base 11
-19298
What is 10001000100100 (base 2) in base 9?
12881
What is -5065 (base 9) in base 11?
-2868
180 (base 14) to base 3
102102
Convert -121011 (base 5) to base 12.
-2736
What is 638b (base 13) in base 14?
5060
What is 784 (base 12) in base 8?
2124
Convert 9a0 (base 13) to base 12.
b57
-30236 (base 9) to base 2
-100110110100110
Convert -2599 (base 10) to base 14.
-d39
17071 (base 11) to base 6
303140
Convert 11100000100000 (base 2) to base 10.
14368
Convert -146 (base 16) to base 5.
-2301
What is -3020200 (base 4) in base 10?
-12832
31b3 (base 13) to base 10
6906
What is -14191 (base 11) in base 16?
-4eda
What is 53511 (base 6) in base 5?
213230
-1111011010100 (base 2) to base 9
-11738
Convert 5894 (base 10) to base 8.
13406
What is 3a0 (base 16) in base 12?
654
What is -105a (base 12) in base 2?
-11100000110
Convert -22510 (base 7) to base 3.
-21212121
What is -12102002 (base 3) in base 9?
-5362
85c8 (base 15) to base 11
1a2aa
What is -31a (base 15) in base 7?
-2020
Convert 412330 (base 6) to base 15.
9b73
Convert 1102221 (base 3) to base 4.
100123
-b16 (base 14) to base 4
-202000
-990 (base 11) to base 6
-5300
What is 1000010111 (base 2) in base 14?
2a3
16b33 (base 14) to base 5
3311311
-4130 (base 5) to base 6
-2300
4c5 (base 16) to base 9
1606
Convert -15ad (base 14) to base 6.
-25541
-2002 (base 3) to base 6
-132
Convert 16a4 (base 11) to base 12.
130b
What is 4016 (base 8) in base 6?
13314
-182 (base 12) to base 15
-112
What is -32e2 (base 15) in base 13?
-4baa
What is 12635 (base 8) in base 7?
22063
What is ee0 (base 15) in base 13?
16b6
Convert -155141 (base 6) to base 7.
-62614
What is 100344 (base 5) in base 3?
11102102
-14402 (base 5) to base 11
-a16
Convert -322202 (base 5) to base 14.
-3da7
Convert 14541 (base 6) to base 4.
210331
What is -813 (base 11) in base 14?
-502
What is 24141 (base 5) in base 7?
5144
Convert -64 (base 16) to base 11.
-91
78e (base 16) to base 2
11110001110
What is -102212 (base 3) in base 10?
-320
Convert 3023 (base 5) to base 16.
184
What is 20120111 (base 3) in base 11?
3667
What is 13631 (base 7) in base 8?
7242
What is -3039 (base 12) in base 14?
-1c97
What is 8b (base 15) in base 10?
131
What is 814 (base 16) in base 11?
1610
-11023 (base 4) to base 8
-513
What is 12330 (base 6) in base 7?
5256
Convert -27a54 (base 11) to base 16.
-9bbc
-9c (base 15) to base 8
-223
Convert -635 (base 9) to base 7.
-1340
-44 (base 7) to base 10
-32
What is 111110010101 (base 2) in base 3?
12110202
What is -2000101220 (base 3) in base 5?
-2232120
What is 128b (base 12) in base 6?
13455
What is -23011 (base 6) in base 15?
-e67
ba7 (base 16) to base 10
2983
Convert 1022143 (base 5) to base 6.
211301
What is -35 (base 9) in base 11?
-2a
-34201 (base 5) to base 6
-15122
What is -6490 (base 14) in base 10?
-17374
What is -187 (base 16) in base 7?
-1066
Convert -110010001110 (base 2) to base 9.
-4361
-471 (base 13) to base 5
-11033
What is 2b236 (base 12) in base 8?
166612
Convert 3313300 (base 4) to base 10.
15856
Convert -ab6 (base 15) to base 11.
-1901
-2926 (base 14) to base 5
-213121
Convert 95 (base 14) to base 12.
ab
-5042 (base 14) to base 6
-143442
Convert -101010000010 (base 2) to base 5.
-41230
What is 352121 (base 7) in base 16?
f6c8
What is -122222 (base 3) in base 4?
-13211
What is -280 (base 10) in base 5?
-2110
-191 (base 12) to base 6
-1101
What is 10000011000011 (base 2) in base 10?
8387
What is 22122111 (base 3) in base 15?
1d04
What is 271 (base 11) in base 3?
102212
1819 (base 14) to base 5
114320
Convert 34025 (base 6) to base 3.
20112122
Convert 4064 (base 7) to base 4.
112022
What is -2101 (base 13) in base 16?
-11d4
Convert -621 (base 9) to base 14.
-281
What is 101100101000111 (base 2) in base 12?
11287
What is -150 (base 14) in base 11?
-222
What is 1050 (base 8) in base 10?
552
Convert -cba (base 13) to base 16.
-885
Convert -90b7 (base 14) to base 16.
-6119
What is 101101101110101 (base 2) in base 12?
11671
-2c1 (base 16) to base 15
-320
What is -10 (base 6) in base 5?
-11
21122200 (base 3) to base 15
19c0
Convert -31333232 (base 4) to base 8.
-157756
What is -10010022 (base 4) in base 10?
-16650
What is -110110100101110 (base 2) in base 10?
-27950
126461 (base 7) to base 16
5d62
Convert 170077 (base 8) to base 12.
2b713
What is b11 (base 14) in base 6?
14015
Convert -c77 (base 16) to base 14.
-123d
13530 (base 14) to base 4
23220312
826 (base 12) to base 13
6cc
-230324 (base 5) to base 2
-10000000010110
Convert -121132 (base 5) to base 11.
-345a
What is -60422 (base 10) in base 13?
-2166b
Convert 122113 (base 4) to base 16.
697
2a0 (base 16) to base 13
3c9
Convert -732 (base 14) to base 10.
-1416
What is 22250 (base 7) in base 13?
2735
What is -3121 (base 8) in base 16?
-651
Convert 790 (base 10) to base 13.
48a
-533035 (base 6) to base 3
-2012120212
-14111 (base 5) to base 14
-5c8
1047 (base 8) to base 12
39b
What is -40011 (base 6) in base 13?
-2494
What is -4104014 (base 5) in base 13?
-24143
Convert 215 (base 6) to base 8.
123
What is -1001011110 (base 3) in base 8?
-50064
What is 1204 (base 7) in base 15?
1ea
Convert -ba (base 15) to base 3.
-20111
Convert -14431 (base 6) to base 12.
-1417
Convert -1101022111 (base 3) to base 9.
-41274
Convert 254335 (base 6) to base 2.
101100111110011
Convert -900 (base 11) to base 3.
-1111100
Convert -15453 (base 6) to base 13.
-1215
-1021020 (base 3) to base 2
-1110011100
What is -160004 (base 7) in base 4?
-13213301
Convert 141253 (base 7) to base 9.
40787
Convert -926 (base 10) to base 4.
-32132
-1522 (base 11) to base 15
-8aa
Convert 11220111 (base 3) to base 15.
10d7
What is 110 (base 2) in base 9?
6
643e (base 15) to base 12
10335
Convert 4516 (base 16) to base 6.
213514
Convert 12504 (base 6) to base 10.
1912
-5302 (base 7) to base 14
-972
Convert 46c (base 15) to base 4.
33222
11688 (base 11) to base 15
4e99
11010 (base 5) to base 9
1028
What is -224224 (base 5) in base 14?
-2d20
Convert 1151 (base 7) to base 9.
525
-121202 (base 3) to base 16
-1c4
Convert -168a2 (base 11) to base 9.
-35461
Convert 2051 (base 6) to base 7.
1231
W